mmon divisor of 250 and c?
10
Let f = 244 + -229. Suppose 16*r - f*r + 4*c = 20, 0 = 2*r + 4*c - 40. Calculate the highest common factor of 320 and r.
20
Let j be (12/(-5))/(-1)*1850/15. Calculate the greatest common factor of j and 344.
8
Let v(x) = 4*x**2 + 3*x + 1. Suppose 44 = j + 43. Let c be v(j). Calculate the highest common factor of c and 200.
8
Let f = -37 - -53. Suppose -5*y = 146 - 21. Let g be (-15)/y*5 + (-2 - -1). Calculate the greatest common divisor of f and g.
2
Suppose -601 = -6*b - 331. What is the highest common divisor of 2325 and b?
15
Let w be ((-135)/(-6))/(275/330). Calculate the highest common divisor of w and 432.
27
Suppose 5 = v + 2*w, 2*v + 5*w - 7 = -0*v. Let x = 297 - 165. Suppose -i + 4*z + 33 = z, -4*i + 5*z + x = 0. Calculate the greatest common divisor of v and i.
11
Let j = 81 + -69. Suppose 0 = 5*r + j - 72. Let a be 532/r + (0 - (-2)/3). Calculate the greatest common divisor of 30 and a.
15
Let g = 1024 + -1435. Let o be 4 - (-372)/(-90) - g/45. Calculate the greatest common factor of 42 and o.
3
Let l be (50/3)/(-1)*(2 - 140/40). Suppose 4*u - 4*w - 64 = 0, 3*u + 5*w - 11 = 29. What is the highest common factor of l and u?
5
Suppose 9*g - 120 = -g. Let q be (g/10 - 2)/(9/(-90)). Calculate the greatest common factor of q and 24.
8
Let x(b) = -157*b - 702. Let i be x(-5). What is the highest common divisor of 13 and i?
1
Suppose 52425 = -25*n + 59175. Calculate the highest common factor of 40 and n.
10
Let j be 969/6 - (-2)/(-4). Let a(k) = 377*k + 2281. Let g be a(-6). Suppose -2*f = -j - g. What is the highest common factor of 18 and f?
18
Let t be ((-2)/(-3))/2*(7 - -23). Let f = 3 - -2. Suppose -3*v - 4 + 74 = -f*b, -v = b - t. Calculate the highest common factor of v and 5.
5
Suppose -3*y + 205 = 9*y - 1139. Suppose -o - 3*t + 146 = 4*o, 3*o = 4*t + 76. Calculate the greatest common divisor of o and y.
28
Let d(k) = -69*k + 900. Let u be d(13). Calculate the highest common factor of u and 288.
3
Let g = -24 - -49. Suppose 2*q - 5 = 5*k - 3*q, -5*q = g. Let y be (k + 2)/(1 + 11/(-9)). Calculate the highest common divisor of 162 and y.
18
Let o = -40 - -90. Let d be (5 + (-26)/6)/(1/675). Calculate the highest common factor of d and o.
50
Let n(p) = p**2 - p + 20. Let s be n(0). Suppose -s = -13*l + 9*l. Let g = -2 - -3. Calculate the greatest common divisor of l and g.
1
Suppose 5*b - 65 = 85. Let y = -52442 - -52637. Calculate the highest common factor of b and y.
15
Let s(p) = -5*p**2 - 209*p - 82. Let r be s(-36). What is the greatest common divisor of 702 and r?
26
Let m(g) = 203*g**2 + 4. Let o be m(1). What is the greatest common factor of o and 117?
9
Suppose 116 + 270 = 4*f - 2*x, 3*f + 3*x - 294 = 0. Suppose 3*d = 5*t - 311, -5*t + 5*d = -402 + f. Calculate the greatest common factor of t and 128.
64
Let o = 50 - 45. Suppose 3*p + 19 = o*k - 0*p, 3*p = -4*k - 1. Suppose 0*j - 4*j - 27 = -g, 0 = k*g - 5*j - 45. What is the greatest common factor of g and 30?
15
Suppose -7025 - 3930 = -17*r - 2234. Let b(j) = -j**3 + 5*j**2 + 5*j - 6. Let n be b(5). Calculate the highest common factor of r and n.
19
Let p = -3758 - -3993. What is the highest common factor of p and 1363?
47
Let v = 95 + -62. Let b(a) = -a**3 + 3*a**2 - 9*a + 32. Let i be b(-8). Suppose -18*u = -i - 5726. Calculate the greatest common factor of u and v.
33
Suppose 283*m = -3*z + 285*m + 512, 3*z - 4*m = 520. What is the highest common divisor of z and 2436?
84
Let r be (-1 - (3 - 4))/(-3 - -7). Suppose r = -z + 5*k + 23, -k - k - 2 = 0. Calculate the highest common divisor of z and 4.
2
Let v(m) = 142*m**2 + 12*m + 85. Let j be v(5). Calculate the highest common divisor of 5 and j.
5
Let k = -8220 + 8616. Calculate the highest common divisor of k and 1012.
44
Let d be (8*(-338)/65)/(4/(-250)). Suppose 5*u = 25*u - d. What is the highest common divisor of 52 and u?
26
Let o = -10244 - -11028. What is the greatest common divisor of 77 and o?
7
Let b = -7199 - -8780. Calculate the highest common divisor of b and 124.
31
Let z be 232 + (-7 - -11) + -7. Let k = -94 + z. Calculate the highest common divisor of 54 and k.
27
Suppose 4*c = -3*h + c + 657, 0 = 4*h + 5*c - 879. Let b = 49 + -22. What is the greatest common divisor of h and b?
27
Let p(a) = 67*a - 1. Let q be p(1). Suppose 79 + 148 = 21*v - 4. What is the highest common factor of q and v?
11
Let o = 29526 + -29376. What is the highest common factor of 6630 and o?
30
Suppose 7*l - 115 - 46 = 0. Let w(z) = 5*z - 2. Let o be w(4). Let b be 16/(-10)*(-1035)/o. Calculate the highest common factor of l and b.
23
Suppose 0 = -95*s + 102*s - 406. Suppose -1157 = -5*q + s. What is the highest common divisor of q and 27?
27
Let s = 28 - -16. Let v(l) = 298*l - 22284. Let t be v(75). Calculate the greatest common factor of t and s.
22
Let d(w) = 2*w**2 - 77*w - 247. Let g be d(-3). Let c be (-137)/(-3) - 4/(-12). What is the greatest common factor of g and c?
2
Let c be (-160)/(-36) + (-140)/315. What is the highest common factor of 686 and c?
2
Let y be 450/32 - ((-2964)/(-8512) + (-4)/14). Suppose 0 = -3*x - 6 + 108. What is the greatest common factor of y and x?
2
Suppose -494 = -39*a + 37*a. Suppose 2*v - 5*u - 47 = 41, 5*v - a = -u. Let w = -16 + v. What is the greatest common divisor of 77 and w?
11
Let m be ((-6)/(-7))/(-3 - (-156)/56). Let b(d) = 3*d**2 + 12*d + 20. Let r be b(m). What is the greatest common factor of 124 and r?
4
Let t = -69 + 73. Let n(h) = 18*h - 30. Let g be n(t). What is the highest common divisor of g and 24?
6
Let u = 6472 - 4415. Calculate the highest common factor of u and 374.
187
Let h be 6/4*(-66)/(-297)*423. Suppose 296 = 2*q - 106. Let u = q - h. Calculate the highest common factor of 36 and u.
12
Let k be 9*29 + (192/12 - 10). What is the greatest common factor of k and 3293?
89
Suppose -5*r = -d + 75, 4*r = -5*d + 271 + 17. Calculate the highest common factor of d and 6340.
20
Suppose 2*d + 3*q - 107 = 0, d + 15*q - 53 = 13*q. Let x(u) = -u**3 - 5*u**2 - 5*u. Let r be x(-6). Calculate the greatest common factor of r and d.
11
Suppose 4*x + 9*f - 4338 = 0, 1264 = 3*x - 3*f - 1970. Calculate the greatest common divisor of 225 and x.
45
Let a(n) = 152*n**2 + 113*n + 253. Let w be a(-5). Calculate the highest common divisor of 16 and w.
16
Let m(j) = 29*j**2 + 16*j - 17*j + 100 - 39*j**3 + 38*j**3. Let s be m(29). What is the greatest common divisor of 2 and s?
1
Let h(y) = -48*y - 1324. Let p be h(-80). Calculate the greatest common factor of 544 and p.
68
Let h be (8/((-32)/(-12)))/6*878. Suppose -154 = 5*s - h. What is the greatest common factor of 19 and s?
19
Let f = -1360 - -1920. Let b = 9096 + -9076. Calculate the highest common factor of f and b.
20
Suppose -3472 = 8*q + 4672. Let a = q + 1022. Let u(f) = f**2 - f. Let n be u(4). Calculate the greatest common divisor of a and n.
4
Let a = 74 + -70. Suppose -a*q = q - 175. Suppose 18*d - 5*v = 16*d + 295, 4*d - 545 = -5*v. What is the greatest common divisor of d and q?
35
Let p(o) = 64 - 2*o**2 - 14*o + o**2 + 32*o - 16*o. Let b be p(-6). Suppose 5*w + 44 = 3*s + 10*w, -b = -4*w. Calculate the highest common divisor of s and 32.
8
Let n(f) = -62*f + 312 - 84*f + 162*f - 52*f. Let x be n(4). Calculate the greatest common divisor of x and 189.
21
Suppose -4*z + 5*z - 13 = 0. Let w = z - 9. Let c(i) = -i**2 + 12*i - 4. Let v be c(6). Calculate the highest common divisor of w and v.
4
Let a = 1708 - 1110. Let w = a + -486. Let x = -22 + 38. Calculate the greatest common divisor of w and x.
16
Let q(c) = c**3 + c**2 + 21. Let k be q(0). Let s(h) = -697*h**3 - 4*h**2 + 2. Let l be s(-1). Let w = l + -681. What is the greatest common factor of w and k?
7
Suppose 4*h - 13 = -5. Suppose -5*l + 522 = 92. Suppose r + 4*o - 34 = 0, h*o = -5*r + 3*o + l. Calculate the highest common divisor of r and 45.
9
Suppose -5*u + 5*t = -1415, -u - 2*t + 59 = -212. What is the greatest common divisor of 9 and u?
9
Let f be ((-17068)/108 + (-35)/(-945))*1/(-2). What is the greatest common divisor of f and 79?
79
Suppose 2*c - 131 = -u, -2*u - 2*c + 298 = 32. Suppose -8*h - 285 = -27*h. Calculate the highest common factor of u and h.
15
Let v be (-160)/(-6) + (-2)/(-6). Let m(l) = -l**2 + 10*l + 220. Let j be m